reatest common factor of u and 143.
11
Suppose 5*h + 3*a + 18 = 0, -h - 3*h = a + 13. Let z be 20/((-2)/12*h). Calculate the highest common divisor of 100 and z.
20
Suppose 0 = -h - h + 6. Suppose 0 = -h*y + 4*y + 5, -49 = -2*z + 5*y. Calculate the greatest common factor of z and 84.
12
Let s be (-8)/(-6) - (-12)/18. Suppose -s*i + 10 = 3*i. Calculate the highest common divisor of 14 and i.
2
Let w(c) = 2*c**2 - 2*c. Let a be w(-2). Suppose 31*r = 24 + 348. Calculate the greatest common factor of r and a.
12
Suppose 71*s = 76*s - 1705. Let o(n) = -5*n + 6. Let q be o(-5). What is the highest common divisor of s and q?
31
Let y be 2 + 1005/3 + 1. Suppose k = b - 2*k - 82, -5*b = 3*k - y. Calculate the highest common divisor of b and 28.
14
Let h(x) = x + 1. Let w be h(4). Suppose -w*t = 3*z - 55, -5*t - 2*z = -17 - 43. What is the highest common factor of t and 126?
14
Let s(n) = -n**2 + 4*n + 4. Let o be s(6). Let r = o + 14. Let u be (-9)/(-6) - (-3)/r. What is the greatest common factor of u and 3?
1
Suppose 4*h - 60 = -0. Calculate the highest common divisor of 60 and h.
15
Let y be 5/(5/1) + 0 + 3. Calculate the greatest common factor of 36 and y.
4
Suppose 5*b = 4*b + 8. Let g = 30 - -42. What is the highest common divisor of g and b?
8
Suppose 4*w - 28 = -5*h, 0 = 2*w - 4*h + 3*h. Suppose -2*q = w*q - 16, 0 = 4*s + 3*q - 36. What is the highest common divisor of s and 48?
6
Let j be (3/6)/((-2)/(-88)). Suppose 3*v - 5*k = 31, k + 7 = 2*v - v. Calculate the greatest common divisor of v and j.
2
Suppose 0 = -5*t - 0*t + w + 1230, 960 = 4*t + 4*w. What is the greatest common factor of t and 35?
35
Let n be (1/1)/(3/9). Calculate the highest common factor of n and 21.
3
Let b be 8/20 + 156/10. Calculate the greatest common divisor of b and 128.
16
Suppose -3*g + 9 = -i, i = -2*g + 4 - 3. What is the greatest common factor of 3 and g?
1
Let a be (-152)/(-12) - (-4)/(-6). Suppose a = l - 1. What is the highest common factor of 39 and l?
13
Let v = 267 - 3. What is the highest common factor of v and 24?
24
Let m(o) = 45*o + 1. Let r be m(1). What is the highest common divisor of r and 115?
23
Let o = 1196 - 689. Suppose -2*b = -2*y + 506, 3*b - y = -o - 242. Let l be -2 + 0 - b/4. What is the greatest common factor of l and 12?
12
Let t(r) = r**2 + 2. Let o be t(-4). Suppose 4*k + 3*h = 54, -3*k + 22 = -2*k + 5*h. Calculate the greatest common factor of k and o.
6
Let h be ((-1)/(70/(-200)))/((-4)/(-14)). Suppose 5*o = -7 + 57. What is the greatest common divisor of o and h?
10
Let z = 10 - 5. Let y(i) = i + 7. Let f be y(-5). Suppose -m - f*v = -14, z*m - 4*v + 0*v = 0. What is the highest common divisor of m and 20?
4
Let a = 10 - 5. Suppose 87 = a*f - 23. Suppose 991 = 5*q - j, -2*j = -4*q - 0*j + 794. Calculate the greatest common divisor of f and q.
22
Suppose 5*t = 5*d + 290, -2*t = -1 - 1. Let k = -39 - d. Let z(i) = 181*i - 1. Let o be z(1). Calculate the highest common factor of k and o.
18
Let f(x) = -x**2 + 6*x. Let b be f(5). Suppose b*s + 0*s - 360 = 0. Calculate the greatest common factor of 18 and s.
18
Let s be 2 - (-2 - (-3 + 0))*-13. What is the highest common factor of 60 and s?
15
Let u = -569 + 270. Let y = -208 - u. What is the greatest common divisor of y and 13?
13
Let n be (3/15)/((-2)/(-10)). Let j(a) = 9*a - 1. Let q be j(n). What is the highest common factor of q and 2?
2
Let d = -36 + 45. Calculate the highest common divisor of 45 and d.
9
Let r(j) = 4*j**2 + 4 + 8*j - 2*j**2 - 4 + 2. Let m be r(-6). Let k = -9 + 22. Calculate the highest common factor of m and k.
13
Suppose -3*v + 99 = 6*v. Calculate the highest common divisor of 121 and v.
11
Suppose -y = q, -5*q + 2*y + 6 = -15. Suppose -5*u = 3*k - 26, -3*k = 4*u - q - 19. Let z = 13 + -10. Calculate the highest common divisor of k and z.
1
Suppose -q - 9 + 35 = 0. Calculate the greatest common divisor of 104 and q.
26
Let q be (-3 + -3)/(3*3/(-12)). Calculate the highest common divisor of 24 and q.
8
Suppose 41 = -4*c + 5*h, -4*h + 17 + 23 = -5*c. Let i be 7/28 - 2047/c. Suppose i = r + 3*r. Calculate the greatest common factor of 16 and r.
16
Let v = 6 + -3. Suppose 4*l + 0*l = v*f + 114, -2*l = 4*f - 68. Calculate the highest common factor of 6 and l.
6
Suppose 48 = -7*w + 13*w. Calculate the greatest common factor of w and 1.
1
Let p be 1 - (-51)/(-1)*-1. Let m be (9 - (-3 + 25))*-1. Calculate the greatest common factor of p and m.
13
Suppose 2*r + 460 = 5*s, 2*r = -3*s + 2*s + 80. Calculate the highest common divisor of 36 and s.
18
Let n(l) = 175*l**2 - 2*l + 3. Let t be n(1). What is the highest common factor of t and 22?
22
Let o = 34 - 14. What is the greatest common divisor of o and 8?
4
Let z(g) = g**2 - 4*g + 14. Let l be z(7). What is the highest common divisor of 245 and l?
35
Let d = 8 - 5. Let g(k) = -4*k**3 + k**2 - 4*k + 4. Let t be g(d). Let q = t + 272. Calculate the greatest common divisor of 15 and q.
15
Let r(b) = -17*b - 8. Let g be r(-6). Calculate the highest common factor of 47 and g.
47
Suppose 3*d - 457 = -i, -i = -2*i - 2. Let q = 54 + -37. Calculate the highest common divisor of q and d.
17
Let o = 7 - -1. Suppose 9*b = 4*b + 65. Let w = b - o. What is the greatest common divisor of 40 and w?
5
Let b = -17 + 25. Let z be (14/(-3))/(-3 + (-105)/(-36)). Calculate the highest common divisor of b and z.
8
Let h(p) = 2*p**2 + 5*p + 2. Let v be h(-4). Let x = 269 - 143. Calculate the highest common factor of x and v.
14
Suppose -p = 2*p - 3. Let z = 7 + p. What is the greatest common divisor of 4 and z?
4
Let m be -1*0*(-2)/4. Let p(h) = h**3 + 1. Let g be p(m). What is the highest common factor of g and 2?
1
Let a = 71 + -13. Let b = a + -3. Calculate the highest common divisor of b and 22.
11
Let x(t) = 12*t + 2. Let f(u) = 13*u + 2. Let r(c) = -3*f(c) + 4*x(c). Let a be r(2). Calculate the highest common factor of 4 and a.
4
Suppose 2*p + 6 = 30. Suppose 0 = 4*b - n - 237, -3*b + 4*b = -5*n + 75. What is the highest common factor of b and p?
12
Suppose 2*m - 5*m + 48 = 3*x, 3*x - 48 = 3*m. Suppose -4*z + x = -140. What is the greatest common factor of z and 26?
13
Suppose 2*f - 238 = -4*x, 4*f - 5*f + x + 119 = 0. What is the greatest common divisor of 17 and f?
17
Let r = 83 + -65. What is the highest common divisor of 18 and r?
18
Let r be (-1467)/(-21) - (-2)/14. Calculate the highest common divisor of 28 and r.
14
Suppose 6*b - b = -3*s + 10, -2*s = -5*b - 15. Let c be (-10)/(-4)*42/s. Calculate the greatest common divisor of c and 42.
21
Suppose 2*g + q + q - 34 = 0, 86 = 4*g - 2*q. What is the highest common factor of g and 140?
20
Let u(c) = -10*c. Let a(k) = k. Let m(z) = -68*a(z) - 6*u(z). Let r be m(-6). Let g be (-1)/(2*(-2)/r). Calculate the greatest common factor of g and 2.
2
Let x be (24/30 - 1) + 362/10. Suppose -5*r = i - 0*i + 21, i - 5*r = 29. What is the greatest common factor of x and i?
4
Let b be ((-6)/(-15))/(5/825). Suppose -b = j - 3*j. Calculate the greatest common factor of j and 22.
11
Let d be (5 + 3)*(-15)/(-2). Let v(g) = 9*g**3 + 0 - 2 + g - 12*g**3. Let c be v(-2). Calculate the highest common factor of c and d.
20
Let y(z) = -3*z - 6. Suppose -4*t - 22 = -6. Let f be y(t). Let h be -2*9/4*-2. What is the greatest common divisor of h and f?
3
Suppose -3*v + 15 = 0, s + 2*v + 38 = 2*s. Let a(n) = -4*n**2 + 3. Let r be a(3). Let q be r/(-2) + (-3)/6. What is the highest common factor of q and s?
16
Let r be 2*3/6*-3. Let i(m) be the third derivative of -3*m**4/8 + m**3/6 - 2*m**2. Let s be i(r). Calculate the highest common divisor of 42 and s.
14
Let c be 2/(-5)*(-10)/2. Suppose -c*m = -6*m + 88. What is the highest common factor of 11 and m?
11
Suppose -19*r + 14*r + 20 = 0. Suppose 3*t + 6 = 5*l, 0 = 2*t - t - 4*l + 9. Let w = 31 - t. What is the highest common divisor of w and r?
4
Suppose 4*u + 11 = 139. Let s = 16 + -12. What is the greatest common factor of s and u?
4
Suppose -8*f + 0*f = -704. Calculate the highest common divisor of f and 11.
11
Let j be (-2)/7 - 2890/(-70). Calculate the highest common factor of 205 and j.
41
Suppose d - 3*d = -40. Calculate the highest common factor of 10 and d.
10
Let d = -28 - -16. Let y be 2*(-3)/(-2)*1. Let c be (-2)/d*y*2. Calculate the greatest comm